{"id":41,"date":"2023-10-09T08:21:21","date_gmt":"2023-10-09T08:21:21","guid":{"rendered":"http:\/\/www.tikatsayim.com\/?page_id=41"},"modified":"2023-10-09T12:19:41","modified_gmt":"2023-10-09T12:19:41","slug":"hakkimizda","status":"publish","type":"page","link":"https:\/\/www.tikatsayim.com\/?page_id=41","title":{"rendered":"Hakk\u0131m\u0131zda"},"content":{"rendered":"\n<div class=\"wp-block-media-text is-stacked-on-mobile\" style=\"grid-template-columns:46% auto\"><figure class=\"wp-block-media-text__media\"><img decoding=\"async\" loading=\"lazy\" width=\"545\" height=\"594\" src=\"http:\/\/www.tikatsayim.com\/wp-content\/uploads\/2023\/10\/WhatsApp-Image-2023-10-06-at-20.31.08.jpeg\" alt=\"\" class=\"wp-image-10 size-full\" srcset=\"https:\/\/www.tikatsayim.com\/wp-content\/uploads\/2023\/10\/WhatsApp-Image-2023-10-06-at-20.31.08.jpeg 545w, https:\/\/www.tikatsayim.com\/wp-content\/uploads\/2023\/10\/WhatsApp-Image-2023-10-06-at-20.31.08-275x300.jpeg 275w\" sizes=\"(max-width: 545px) 100vw, 545px\" \/><\/figure><div class=\"wp-block-media-text__content\">\n<p class=\"has-medium-font-size\">&#8221; M\u00fc\u015fterilerimizin beklentilerini en iyi anlayan ve o y\u00f6nde \u00e7\u00f6z\u00fcm \u00fcreten, sabit kadro \u00e7al\u0131\u015fanlar\u0131m\u0131z ile online sistem ve terminallerimiz ile hatas\u0131z ve profesyonel say\u0131m hizmeti ve barkodlama temel faaliyet alan\u0131m\u0131zd\u0131r.<\/p>\n\n\n\n<p class=\"has-medium-font-size\">M\u00fc\u015fterilerimizle kar\u015f\u0131l\u0131kl\u0131 g\u00fcven ve verdi\u011fimiz kaliteli hizmetimiz ile t\u00fcm sekt\u00f6r deki firmalar\u0131m\u0131z\u0131n hizmetindeyiz. &#8220;<\/p>\n<\/div><\/div>\n\n\n\n<blockquote class=\"wp-block-quote has-medium-font-size\">\n<p><\/p>\n<cite>-Stok say\u0131m ve barkodlama faaliyetinde, T\u00fcrkiye&#8217;de g\u00fcvenilir ve profesyonel hizmet vererek, sekt\u00f6rde sabit kadro ile \u00e7al\u0131\u015fan ve her ad\u0131mda kendini yenileyerek sekt\u00f6r\u00fcm\u00fczde tek olmakt\u0131r.<br>-Tik at Say\u0131m &amp; Barkodlama hizmeti veren firmam\u0131z daima m\u00fc\u015fteri memnuniyetini baz alarak, konusunda uzman sabit kadro \u00e7al\u0131\u015fanlar\u0131 ile kaliteli ve s\u0131f\u0131r hata say\u0131m ger\u00e7ekle\u015ftirmektedir.<\/cite><\/blockquote>\n","protected":false},"excerpt":{"rendered":"<p>&#8221; M\u00fc\u015fterilerimizin beklentilerini en iyi anlayan ve o y\u00f6nde \u00e7\u00f6z\u00fcm \u00fcreten, sabit kadro \u00e7al\u0131\u015fanlar\u0131m\u0131z ile online sistem ve terminallerimiz ile hatas\u0131z ve profesyonel say\u0131m hizmeti ve barkodlama temel faaliyet alan\u0131m\u0131zd\u0131r. M\u00fc\u015fterilerimizle kar\u015f\u0131l\u0131kl\u0131 g\u00fcven ve verdi\u011fimiz kaliteli hizmetimiz ile t\u00fcm sekt\u00f6r deki firmalar\u0131m\u0131z\u0131n hizmetindeyiz. &#8220; -Stok say\u0131m ve barkodlama faaliyetinde, T\u00fcrkiye&#8217;de g\u00fcvenilir ve profesyonel hizmet vererek, [&hellip;]<\/p>\n","protected":false},"author":1,"featured_media":0,"parent":0,"menu_order":0,"comment_status":"closed","ping_status":"closed","template":"","meta":{"footnotes":""},"_links":{"self":[{"href":"https:\/\/www.tikatsayim.com\/index.php?rest_route=\/wp\/v2\/pages\/41"}],"collection":[{"href":"https:\/\/www.tikatsayim.com\/index.php?rest_route=\/wp\/v2\/pages"}],"about":[{"href":"https:\/\/www.tikatsayim.com\/index.php?rest_route=\/wp\/v2\/types\/page"}],"author":[{"embeddable":true,"href":"https:\/\/www.tikatsayim.com\/index.php?rest_route=\/wp\/v2\/users\/1"}],"replies":[{"embeddable":true,"href":"https:\/\/www.tikatsayim.com\/index.php?rest_route=%2Fwp%2Fv2%2Fcomments&post=41"}],"version-history":[{"count":3,"href":"https:\/\/www.tikatsayim.com\/index.php?rest_route=\/wp\/v2\/pages\/41\/revisions"}],"predecessor-version":[{"id":55,"href":"https:\/\/www.tikatsayim.com\/index.php?rest_route=\/wp\/v2\/pages\/41\/revisions\/55"}],"wp:attachment":[{"href":"https:\/\/www.tikatsayim.com\/index.php?rest_route=%2Fwp%2Fv2%2Fmedia&parent=41"}],"curies":[{"name":"wp","href":"https:\/\/api.w.org\/{rel}","templated":true}]}}